
-12
Let o(z) = z**3 + 7*z**2 - 4*z + 11. Give o(-8).
-21
Let l(x) = -5*x - 4. What is l(7)?
-39
Let h(i) = 2*i - 9. What is h(-7)?
-23
Let d(u) = u**3 + 4*u**2 - 12*u + 7. Give d(2).
7
Let s(v) = -123*v + 19. What is s(-1)?
142
Let y(n) = -n**2 - 7*n + 4. Give y(-9).
-14
Let a(h) = -h + 14. Calculate a(13).
1
Let g(j) = -j**3 - 4*j**2 + j + 1. Calculate g(-4).
-3
Let h(d) = d**3 + d**2 - 12. Give h(0).
-12
Let q(t) = t**3 + 5*t**2 - 6*t. Calculate q(-6).
0
Let m(n) = 12*n**2 - n. Determine m(1).
11
Let c(h) = -h + 25. What is c(0)?
25
Let j(a) = 10*a**2 - 8*a - 16. Calculate j(-2).
40
Let n(d) = 3*d + 29. Give n(9).
56
Let w(k) = k. Determine w(-3).
-3
Let h(m) = -2*m**2 + 84*m + 1435. Calculate h(55).
5
Let h(o) = -o**3 + 22*o**2 - 23*o + 37. What is h(21)?
-5
Let k(g) = -g**3 - 28*g**2 + 28*g - 27. What is k(-29)?
2
Let k(p) = -13*p - 82. Calculate k(-7).
9
Let d(j) = -2*j + 7. Determine d(5).
-3
Let b(m) = m**2 + m - 156. Give b(12).
0
Let i(c) = c**2 + 2*c - 4. Give i(4).
20
Let o(g) = -g**3 + 13*g**2 + 31*g + 4. Calculate o(15).
19
Let c(b) = b**3 + 18*b**2 + 27*b + 17. Give c(-16).
97
Let h(s) = -6*s**2 + 3*s + 5. Give h(-2).
-25
Let o(m) = m - 1. Calculate o(-1).
-2
Let c(d) = 42*d + 104. What is c(-5)?
-106
Let c(y) = 3*y - 46. What is c(17)?
5
Let d(b) = b**3 + 6*b**2 + b + 17. Calculate d(-6).
11
Let h(n) = 29*n + 3. Determine h(-1).
-26
Let c(j) = -4*j**3 - 11*j**2 - 9*j + 1. What is c(-1)?
3
Let l(n) = 2*n**2 + 2*n - 1. Give l(0).
-1
Let b(j) = -j**3 + 14*j**2 + 54*j - 40. Calculate b(17).
11
Let d(q) = q**3 - 6*q**2 - 2*q + 8. What is d(6)?
-4
Let x(y) = -8*y**2 + y + 1. What is x(-2)?
-33
Let v(y) = y**3 + y**2 - 5*y - 7. What is v(3)?
14
Let w(f) = -5*f - 59. Calculate w(-11).
-4
Let u(z) = z - 2. Determine u(5).
3
Let n(s) = s - 3. What is n(10)?
7
Let c(q) = -q**2 + 9*q + 18. Calculate c(13).
-34
Let r(j) = -4*j - 11. What is r(-2)?
-3
Let t(b) = 4*b - 15. What is t(5)?
5
Let d(s) = -s**3 - s - 4. What is d(-2)?
6
Let b(s) = -s**3 + 11*s**2 + 7*s - 80. What is b(11)?
-3
Let r(t) = t**3 + 8*t**2 - 9*t - 4. Determine r(-9).
-4
Let h(i) = -i**3 + 8*i**2 - 10*i - 10. What is h(5)?
15
Let l(w) = w**3 - 14*w**2 + 16*w - 31. Calculate l(13).
8
Let l(v) = -v**3 - 8*v**2 - 6*v - 8. What is l(-5)?
-53
Let t(f) = f**2 + 1. Give t(-1).
2
Let r(h) = 2*h**2 - h - 11. Calculate r(-3).
10
Let g(n) = -2*n**2 + 17*n - 5. What is g(8)?
3
Let y(k) = -k**3 + 5*k**2 - 2*k - 9. Calculate y(5).
-19
Let t(v) = -3*v**2 - 7*v. Calculate t(-5).
-40
Let k(m) = m + 17. What is k(19)?
36
Let h(s) = 10*s - 1. Give h(-2).
-21
Let w(l) = -8*l - 5. Calculate w(1).
-13
Let i(y) = -y - 48. Determine i(-7).
-41
Let o(k) = 9*k + 16. Determine o(-5).
-29
Let q(u) = u**2 - 6*u - 15. Calculate q(9).
12
Let p(y) = -2*y**2 + 26*y + 13. Calculate p(13).
13
Let y(q) = -q**2 - 6. Give y(6).
-42
Let r(q) = -13*q. What is r(-5)?
65
Let n(h) = -h**3 + 4*h**2 - 2*h - 2. Calculate n(3).
1
Let l(y) = y**2 - 11*y + 64. Calculate l(6).
34
Let y(s) = s**3 - 12*s**2 + 9*s + 31. Calculate y(11).
9
Let z(o) = -o**3 + 7*o**2 - 10*o + 16. Determine z(6).
-8
Let p(b) = 3*b**2 - 3*b - 8. Calculate p(5).
52
Let x(c) = c + 5. Calculate x(6).
11
Let m(s) = s**3 + 12*s**2 - 11*s + 16. Calculate m(-13).
-10
Let b(a) = 5*a + 45. Give b(-8).
5
Let s(k) = k - 10. Give s(13).
3
Let k(t) = t**2 + 13*t + 5. Determine k(-11).
-17
Let u(g) = -9*g**3 + 2*g**2 - g - 2. Give u(-1).
10
Let f(g) = g**2 - 23*g - 58. Give f(26).
20
Let k(r) = -2*r**3 + 2*r**2 + 2*r - 12. Give k(-2).
8
Let d(o) = 2*o**3 - 3*o**2 - 4*o. Determine d(-3).
-69
Let f(g) = -38*g**3 + g**2 + g. Give f(-1).
38
Let r(y) = y**3 - 8*y**2 + 9*y + 12. Give r(6).
-6
Let o(u) = -u**3 + 7*u**2 + 5*u + 6. What is o(8)?
-18
Let p(w) = 29*w + 514. Calculate p(-18).
-8
Let k(p) = p**2 - 4*p - 8. Give k(-3).
13
Let q(w) = -w - 17. Determine q(-15).
-2
Let z(j) = -2*j**2 + 13*j + 3. Calculate z(7).
-4
Let k(y) = -2*y**3 + 14*y**2 - 16*y + 14. Give k(6).
-10
Let z(s) = -s**3 - 4*s**2 + 9*s - 23. Give z(-6).
-5
Let c(p) = 2*p - 1. Determine c(2).
3
Let u(j) = -j**3 + 33*j**2 - 32*j + 7. Calculate u(32).
7
Let l(h) = -6*h - 301. What is l(-52)?
11
Let h(f) = f**3 + 3*f**2 - 6*f + 14. Give h(-6).
-58
Let q(g) = -g**3 - 18*g**2 - 20*g - 24. Calculate q(-16).
-216
Let k(j) = j**3 + 2*j**2 + 2*j - 8. Calculate k(4).
96
Let s(x) = -x**2 - 7*x + 5. What is s(-7)?
5
Let g(s) = s + 74. Give g(-21).
53
Let d(f) = -8*f - 7. What is d(5)?
-47
Let v(x) = -2*x**3 - x**2. Determine v(1).
-3
Let f(z) = 2*z**2 - 23*z - 41. Calculate f(13).
-2
Let y(d) = 3*d - 1. Calculate y(6).
17
Let z(f) = f**2 + 10*f - 8. Determine z(-11).
3
Let g(m) = -m**2 + 2*m + 9. Determine g(4).
1
Let g(d) = 6*d**2 + 25*d - 17. What is g(-5)?
8
Let f(o) = o**2 + 59*o + 665. Calculate f(-15).
5
Let y(u) = -12*u + 48. Calculate y(8).
-48
Let i(o) = -o + 3. Give i(-11).
14
Let z(b) = b**3 + 8*b**2 + 4*b - 3. What is z(-8)?
-35
Let v(a) = -13*a + 77. What is v(7)?
-14
Let i(n) = -n**2 - 10*n - 13. Give i(-7).
8
Let q(g) = -84*g**2 + 6*g + 7. What is q(-1)?
-83
Let t(v) = -3*v - 10. Calculate t(-5).
5
Let z(a) = -20*a + 1. What is z(2)?
-39
Let w(a) = 16*a - 379. Determine w(24).
5
Let u(y) = y**3 + 15*y**2 - y - 8. Calculate u(-15).
7
Let d(f) = -3*f**2 + 6*f + 8. What is d(-4)?
-64
Let a(y) = -2*y**2 + 69*y + 80. Give a(35).
45
Let w(z) = -2*z**3 - z**2 + 7*z + 8. Give w(-4).
92
Let r(a) = -a + 43. Determine r(17).
26
Let c(x) = -2*x**2 + 2*x + 1. Determine c(3).
-11
Let o(r) = r**2 - 34*r + 284. Determine o(18).
-4
Let z(a) = 4*a + 63. Give z(-12).
15
Let n(h) = -2*h - 19. Calculate n(9).
-37
Let s(k) = k**3 + 12*k**2 - 8*k + 31. What is s(-13)?
-34
Let j(h) = h**3 + h**2 - h + 1. Calculate j(0).
1
Let i(x) = -10*x - 6. Calculate i(-1).
4
Let a(h) = -h**3 + 29*h**2 - 27*h - 39. Determine a(28).
-11
Let v(l) = -l**2 - 15*l + 43. Determine v(-18).
-11
Let x(p) = p**3 + 9*p**2 - 13*p - 21. Calculate x(-10).
9
Let v(o) = -o - 9. Give v(3).
-12
Let h(s) = 8*s - 18. Determine h(3).
6
Let a(s) = s**3 + s**2 - 6*s - 1. What is a(-3)?
-1
Let h(x) = x**3 - 6*x**2 + 3*x - 1. Give h(4).
-21
Let n(t) = -t**3 + 29*t**2 - 136*t - 50. Determine n(23).
-4
Let h(y) = y**3 + 8*y**2 + 5*y - 10. Calculate h(-7).
4
Let t(s) = -3*s - 36. Determine t(-9).
-9
Let u(l) = -l**2 - 9*l - 17. Give u(-5).
3
Let d(u) = -31*u**2 + 7*u - 2. Determine d(2).
-112
Let q(n) = -2*n**2 - 17*n - 10. What is q(-9)?
-19
Let u(s) = -6*s - 6. Determine u(4).
-30
Let a(w) = w + 5. Calculate a(-5).
0
Let r(q) = q**2 + 6*q - 5. Calculate r(-7).
2
Let y(g) = g**3 + 5*g**2 - 2*g + 10. What is y(-6)?
-14
Let y(b) = -b**3 - 8*b**2 + 42*b - 60. Calculate y(-12).
12
Let w(u) = u**3 + 7*u**2 + 9*u + 68. Determine w(-7).
5
Let p(z) = 30*z + 2. What is p(1)?
32
Let y(r) = 2*r**2 - 8*r + 8. Determine y(6).
32
Let u(p) = -p - 4. What is u(-3)?
-1
Let p(q) = -q**3 + 10*q**2 + 4*q - 11. Calculate p(10).
29
Let v(m) = m**3 + 10*m**2 + 8*m + 15. Give v(-9).
24
Let a(i) = i + 6. Determine a(0).
6
Let q(f) = -f**3 - 8*f**2 + 10*f + 1. Give q(-9).
-8
Let a(b) = -2*b**3 + 2*b**2 + 3*b + 2. Determine a(-1).
3
Let v(w) = w**3 + 15*w**2 - 7. Give v(-15).
-7
Let h(r) = -r**2 + 11*r - 3. Determine h(11).
-3
Let l(a) = -a**3 - 6*a**2 - 15*a - 24. What is l(-3)?
-6
Let t(p) = 7*p**3 + 3*p**2 + 3*p - 4. Determine t(1).
9
Let w(p) = -5*p. Give w(-1).
5
Let p(i) = i**3 - 3*i**2 - 2*i + 3. What is p(-3)?
-45
Let z(b) = b**2 + 9*b - 10. Calculate z(-10).
0
Let c(m) = -m**3 - 10*m**2 - 10*m - 9. Calculate c(-9).
0
Let y(g) = -g**2 + 6*g - 14. Calculate y(3).
-5
Let a(t) = t**3 + 7*t**2 + 4*t - 5. Determine a(-4).
27
Let y(a) = -a**3 + 2*a**2 + 4*a + 1. What is y(3)?
4
Let d(y) = 3*y - 17. What is d(5)?
-2
Let r(v) = 2*v**2 - v - 2. Determine r(5).
43
Let f(b) = -75*b**3 - b**2 + b + 2. Determine f(-1).
75
Let b(f) = -4*f**3 - 3*f**2 + 4*f + 2. Give b(-3).
71
Let x(k) = k**3 + 11*k**2 - 5*k - 6. Calculate x(-11).
49
Let n(y) = y**3 - 32*y**2 - 105*y + 10. Calculate n(35).
10
Let i(p) = 6*p**2 + 13*p + 13. Calculate i(-2).
11
Let h(r) = 19*r - 51. Give h(7).
82
Let a(n) = n - 5. Calculate a(6).
1
Let g(q) = -q**3 - 10*q**2 - 17*q - 6. Give g(-8).
2
Let t(j) = -j**3 - 7*j**2 - 7*j + 2. Calculate t(-6).
8
Let z(b) = -b**3 + 7*b**2 + 11*b - 108. Give z(6).
-6
Let g(z) =